?
True
Is 204 a multiple of 12?
True
Is 153 a multiple of 9?
True
Is 86 a factor of 38451?
False
Is 18405 a multiple of 15?
True
Does 71 divide 20164?
True
Does 4 divide 420?
True
Is 2124 a multiple of 59?
True
Does 73 divide 4891?
True
Is 5 a factor of 90?
True
Is 96001 a multiple of 13?
False
Is 5 a factor of 37?
False
Is 44625 a multiple of 85?
True
Is 52 a factor of 572?
True
Is 72 a factor of 13464?
True
Does 2 divide 392?
True
Is 3059 a multiple of 175?
False
Does 2 divide 4479?
False
Is 954 a multiple of 54?
False
Does 9 divide 23960?
False
Is 601 a multiple of 10?
False
Is 22 a factor of 67751?
False
Is 73 a factor of 3179?
False
Is 17 a factor of 2021?
False
Is 19 a factor of 627?
True
Does 8 divide 14568?
True
Does 69 divide 14164?
False
Is 5 a factor of 1898?
False
Is 11 a factor of 21068?
False
Is 436 a multiple of 9?
False
Is 128 a multiple of 15?
False
Does 13 divide 9334?
True
Is 2332 a multiple of 53?
True
Is 5163 a multiple of 6?
False
Does 32 divide 5312?
True
Is 31 a factor of 1583?
False
Is 326 a factor of 14996?
True
Is 984 a multiple of 24?
True
Is 171450 a multiple of 30?
True
Is 628 a multiple of 37?
False
Does 196 divide 6833?
False
Is 50 a multiple of 5?
True
Is 5131 a multiple of 28?
False
Is 38 a factor of 543?
False
Does 30 divide 360?
True
Does 41 divide 259?
False
Is 14 a factor of 28609?
False
Is 7952 a multiple of 28?
True
Is 74 a factor of 2516?
True
Is 7865 a multiple of 47?
False
Is 18 a factor of 4590?
True
Does 30 divide 17760?
True
Is 12 a factor of 7031?
False
Is 74 a factor of 19660?
False
Does 20 divide 4020?
True
Does 7 divide 4567?
False
Is 5868 a multiple of 8?
False
Is 66000 a multiple of 33?
True
Is 3794 a multiple of 14?
True
Does 9 divide 2403?
True
Does 58 divide 3074?
True
Is 77127 a multiple of 355?
False
Is 61 a factor of 34428?
False
Is 20 a factor of 740?
True
Is 86 a factor of 26161?
False
Is 162 a multiple of 3?
True
Is 30 a factor of 36180?
True
Is 63 a factor of 865?
False
Is 2145 a multiple of 11?
True
Is 49 a factor of 2098?
False
Is 1440 a multiple of 45?
True
Is 1278 a multiple of 17?
False
Is 435 a multiple of 15?
True
Is 231420 a multiple of 15?
True
Is 26 even?
True
Is 10539 a multiple of 9?
True
Does 56 divide 20858?
False
Is 828 a multiple of 92?
True
Does 91 divide 7230?
False
Is 184 a factor of 41400?
True
Is 4637 a multiple of 156?
False
Is 1400 a multiple of 20?
True
Is 25 a factor of 1009?
False
Is 9548 a multiple of 32?
False
Does 45 divide 4455?
True
Is 880 a multiple of 40?
True
Is 875 a multiple of 25?
True
Is 8 a factor of 15805?
False
Is 12240 a multiple of 180?
True
Does 133 divide 12182?
False
Is 430 a multiple of 11?
False
Is 7056 a multiple of 112?
True
Is 3613 a multiple of 53?
False
Is 103 a factor of 18231?
True
Does 37 divide 5144?
False
Is 672 a multiple of 8?
True
Is 12532 a multiple of 52?
True
Is 380 a multiple of 21?
False
Is 4922 a multiple of 23?
True
Is 6427 a multiple of 21?
False
Is 3 a factor of 319?
False
Is 60 a multiple of 4?
True
Does 8 divide 50?
False
Does 21 divide 973?
False
Does 124 divide 72292?
True
Does 11 divide 80036?
True
Is 15 a factor of 1123?
False
Does 35 divide 23870?
True
Is 135 a factor of 16293?
False
Is 10 a factor of 2410?
True
Is 6 a factor of 434?
False
Is 140 even?
True
Does 30 divide 3642?
False
Is 216 even?
True
Is 526 a multiple of 2?
True
Is 2 a factor of 307?
False
Is 1666 a multiple of 17?
True
Does 7 divide 2695?
True
Is 49 a multiple of 5?
False
Is 106 a factor of 13212?
False
Does 20 divide 1940?
True
Is 43765 a multiple of 268?
False
Is 26 a factor of 2361?
False
Is 495 a multiple of 33?
True
Is 1876 a multiple of 14?
True
Is 8 a factor of 39979?
False
Is 717 a multiple of 19?
False
Is 42 a factor of 672?
True
Is 17176 a multiple of 226?
True
Does 8 divide 293?
False
Is 4 a factor of 384?
True
Is 7736 a multiple of 13?
False
Does 12 divide 19584?
True
Is 946 a multiple of 95?
False
Is 27474 a multiple of 65?
False
Is 33 a factor of 5914?
False
Does 47 divide 846?
True
Does 29 divide 185368?
True
Does 9 divide 22717?
False
Does 9 divide 71073?
True
Is 97 a factor of 36102?
False
Is 2 a factor of 73?
False
Is 11 a factor of 36465?
True
Is 319 a factor of 54101?
False
Does 8 divide 496?
True
Is 241 a multiple of 2?
False
Does 24 divide 9887?
False
Is 24 a factor of 53184?
True
Is 136 a factor of 6146?
False
Does 116 divide 18001?
False
Is 422 even?
True
Is 63 a factor of 2846?
False
Does 16 divide 27596?
False
Is 187 a factor of 7531?
False
Does 11 divide 3752?
False
Does 29 divide 465?
False
Is 2326 a multiple of 21?
False
Does 17 divide 697?
True
Does 9 divide 116?
False
Is 11160 a multiple of 60?
True
Is 684 a multiple of 6?
True
Is 16 a factor of 10993?
False
Is 24 a factor of 1721?
False
Is 486 a multiple of 81?
True
Is 3774 a multiple of 74?
True
Is 4750 a multiple of 16?
False
Is 2 a factor of 41?
False
Is 4 a factor of 81?
False
Is 1280 a multiple of 8?
True
Does 34 divide 6120?
True
Does 2 divide 12?
True
Does 5 divide 170?
True
Is 9 a factor of 270?
True
Is 9 a factor of 428?
False
Is 604 a multiple of 94?
False
Is 148 a multiple of 4?
True
Does 23 divide 1403?
True
Is 9 a factor of 8622?
True
Is 3231 a multiple of 9?
True
Is 19 a factor of 1862?
True
Does 36 divide 1548?
True
Is 6 a factor of 6510?
True
Does 31 divide 28055?
True
Is 63 a factor of 22995?
True
Is 14874 a multiple of 175?
False
Does 16 divide 33779?
False
Is 9 a factor of 1287?
True
Is 17 a factor of 3315?
True
Does 36 divide 9698?
False
Does 116 divide 4966?
False
Is 893 a multiple of 28?
False
Is 834 a multiple of 28?
False
Is 19937 a multiple of 26?
False
Does 32 divide 13888?
True
Is 14 a factor of 3448?
False
Is 19790 a multiple of 10?
True
Does 24 divide 8567?
False
Is 19 a factor of 158?
False
Does 4 divide 7812?
True
Is 1756 a multiple of 55?
False
Is 12 a factor of 120?
True
Is 5263 a multiple of 10?
False
Is 298 a multiple of 2?
True
Is 81473 a multiple of 95?
False
Is 3672 a multiple of 36?
True
Is 130 a factor of 542?
False
Is 16 a factor of 5606?
False
Is 25 a factor of 11025?
True
Is 2070 a multiple of 30?
True
Does 107 divide 12733?
True
Is 6 a factor of 1260?
True
Does 74 divide 2603?
False
Is 626 a multiple of 50?
False
Is 238 a factor of 23987?
False
Does 3 divide 191?
False
Does 256 divide 39403?
False
Does 20 divide 57280?
True
Is 28809 a multiple of 179?
False
Is 21 a factor of 9311?
False
Is 19834 a multiple of 200?
False
Is 558 a multiple of 62?
True
Is 10360 a multiple of 35?
True
Does 95 divide 2185?
True
Is 24725 a multiple of 353?
False
Is 66864 a multiple of 42?
True
Does 45 divide 2166?
False
Is 733 a multiple of 3?
False
Is 720 a multiple of 180?
True
Is 1911 a multiple of 5?
False
Is 438 a multiple of 3?
True
Is 2482 a multiple of 23?
False
Does 9 divide 319?
False
Is 27 a factor of 60399?
True
Does 34 divide 306?
True
Is 943 a multiple of 2?
False
Is 12 a factor of 196?
False
Is 63 a factor of 1008?
True
Does 6 divide 12?
True
Does 26 divide 910?
True
Is 22 a factor of 1886?
False
Is 448 a multiple of 16?
True
Is 2436 a multiple of 14?
True
Is 5184 a multiple of 24?
True
Is 6 a factor of 75?
False
Does 27 divide 646?
False
Is 1863 a multiple of 81?
True
Is 4 a factor of 2192?
True
Is 10 a factor of 10?
True
Does 14 divide 448?
True
Is 34 a factor of 2454?
False
Is 1250 a multiple of 5?
True
Is 63 a factor of 748?
False
Does 15 divide 763?
False
Is 57 a factor of 34091?
False
Is 7 a factor of 112?
True
Is 3853 a multiple of 85?
False
Is 52 a factor of 72956?
True
Is 810 a multiple of 18?
True
Does 22 divide 47938?
True
Is 1176 a multiple of 21?
True
Does 2 divide 996?
True
Is 24 a factor of 71?
False
Is 21 a factor of 17661?
True
Is 87 a factor of 25230?
True
Does 13 divide 3653?
True
Does 60 divide 10380?
True
Is 4455 a multiple of 33?
True
Is 14 a factor of 1922?
False
Does 13 divide 329?
False
Does 38 divide 25493?
False
Is 4290 a multiple of 32?
False
Is 232 a multiple of 4?
True
Is 12 a factor of 1320?
True
Is 274 a multiple of 4?
False
Does 27 divide 1161?
True
Is 58 a factor of 174?
True
Is 28 a factor of 56?
True
Is 54 a factor of 1065?
False
Does 14 divide 32564?
True
Is 96417 a multiple of 28?
False
Is 15 a factor of 840?
True
Is 5 a factor of 113?
False
Is 604 a multiple of 18?
False
Is 5 a 